ose -15 = -z*t + 3*t. Suppose 4*x + 5*s = 19, -2*x = -t*x - 5*s + 18. What is the units digit of x?
1
Suppose 0*v - 3*v = 0, 5*v = h - 2022. What is the hundreds digit of h?
0
Let g = 477 - -523. What is the tens digit of g?
0
Suppose 2*z - 1016 = -3*w + 3651, 0 = 4*z + 4*w - 9340. What is the units digit of z?
8
Suppose -2*v + 5*v - 1020 = -3*g, 0 = 2*g - 3*v - 670. What is the units digit of g?
8
What is the tens digit of (20085/25 + -3)/((-1)/(-5))?
0
Suppose 577 = 4178*y - 4177*y. What is the tens digit of y?
7
Suppose -4*n + 3*n - l + 517 = 0, -n + l + 517 = 0. Suppose 0 = -3*h + 287 + n. What is the hundreds digit of h?
2
Let m(y) = 22*y - 1. Suppose 0 = 32*b - 34*b + 10. What is the tens digit of m(b)?
0
Let f = 40 - 30. Suppose 2*r = -f, v - 199 = r + 4*r. What is the units digit of v?
4
Suppose -3*g - 5*l - 58 = 0, -1 = 3*l + 14. Let s(x) = -12*x + x**3 + 7 - 2 - 2*x**2 + 0 + 12*x**2. What is the units digit of s(g)?
6
What is the hundreds digit of ((-59)/(-2))/(11/198)?
5
Suppose -z - 1741 = -2*h, h + 3*z - 336 - 531 = 0. What is the hundreds digit of h?
8
Let n = -72 + 64. Let s = n + 159. What is the hundreds digit of s?
1
Let t(h) = 8*h**2 - 8*h + h**3 + 9 - 4*h + 2*h. Let p(y) = -6*y - 9. Let o be p(0). What is the units digit of t(o)?
8
Let t(y) be the second derivative of 2*y**4/3 + 2*y**3/3 - 3*y**2/2 + 13*y. What is the units digit of t(2)?
7
What is the tens digit of ((-19)/4)/(1/(-92))?
3
What is the units digit of (-12)/22 - 120246/(-231)?
0
Let t be (6/(-8))/((-74)/(-16) + -5). Suppose 2*x + t*x = -2*j + 254, -3*x + 208 = -2*j. What is the units digit of x?
6
Suppose -2 = -4*i + 3*i. Suppose 5*v = 3*f + 29, 4*f + 16 = 3*v - i*v. What is the tens digit of (f + (0 - -2))*-11?
1
Let t = 60 - 60. Suppose -27*u + 29*u - 646 = t. What is the units digit of u?
3
Suppose -7*n - 18 = -10*n. Suppose 2*d + 3*f = 164, 401 = -d + n*d + 3*f. What is the tens digit of d?
7
Suppose 2*j = -j + 3*f + 1785, 4*j - 2*f = 2386. What is the tens digit of j?
9
Suppose -4*p - 22 = -c - 5*p, 4*p = -16. Suppose -c = -2*r + 4. Suppose 3*z - r = 0, 4*i + z - 207 = 2*z. What is the tens digit of i?
5
Let f = 16 + -11. Let m = 93 + 10. Suppose -m + 13 = -f*c. What is the tens digit of c?
1
Suppose 16*i = -0*i + 1696. What is the units digit of i?
6
Let m(t) = 101*t**2 - 28*t - 119. What is the units digit of m(-5)?
6
Suppose 5*w - 5*c - 12260 = 0, -3*c - 4910 = -2*w - 4*c. What is the tens digit of w?
5
Let d be (21/(-12) - -2)*(-8)/(-2). What is the tens digit of d/(-1 - 222/(-219))?
7
Suppose w = 7*w - 18. Suppose 0 = 5*n + 2*h - 300, -h + w*h = -n + 68. What is the tens digit of n?
5
Suppose -w + 0*b + 23 = 4*b, 5*w + b = 20. Suppose 0 = -4*n - 0*n - 3*i + 153, -27 = -n + w*i. Let r = 0 + n. What is the tens digit of r?
3
Let w be (-7)/(4 + (2303/(-82))/7). Suppose -m - m = -w. What is the hundreds digit of m?
2
Let j = 1352 - 736. What is the units digit of j?
6
Let m = 5 - 2. Suppose 2*a - m*a + 5*c = 14, 0 = 4*c - 12. What is the units digit of a + 0 + (11 - 4)?
8
Suppose -22 = -6*g + 2. What is the hundreds digit of 16192/60 + g*(-2)/(-60)?
2
Suppose 0 = -2*p + p - f - 3, p - 4*f = 22. Suppose 4*r = -d - 235, -p*d - 3*d = 15. What is the units digit of (3/(-6) + 0)*r?
9
Let r be 36/48*8/3. Suppose 44 = r*b - 2*i, -i + 25 = -3*b + 85. What is the units digit of b?
9
Let r(h) = 2*h**3 - 5*h**2 - 5*h - 14. What is the units digit of r(6)?
8
Suppose -6*l - 2 = -26. Suppose -2*x - 2*x = -464. Suppose b - 29 = 3*d, -l*b - 2*d + x = -4*d. What is the tens digit of b?
2
Let f(x) = -2*x**3 - 2*x**2 - 2*x - 2. Let m be f(-2). Let z(d) = 3*d - 2. Let p(c) = 4*c - 3. Let y(s) = -2*p(s) + 3*z(s). What is the units digit of y(m)?
0
Suppose 0 = -6*r - 39 - 39. Let c(q) = q**2 + 11*q - 3. What is the units digit of c(r)?
3
Suppose 12*m - 9*m - 78 = 0. What is the tens digit of (-116)/5*(-65)/m?
5
Let r be -21*4/(-6) + -1. Suppose -2*p + 26 = 5*o, -5*o + 45 = 4*p + r. Let b = -3 + o. What is the units digit of b?
1
Let k be (6/(-5))/((-6)/580). Let y = 173 - k. Let s = 133 - y. What is the tens digit of s?
7
Suppose -5*y + 5*t + 1975 + 1565 = 0, -3*t + 1411 = 2*y. What is the hundreds digit of y?
7
Suppose 6*x + 1 = 7*x, -3*x = -3*l + 453. Let w = l + -34. What is the hundreds digit of w?
1
Let n = 2408 + -789. Suppose -13*r = -n - 1488. What is the tens digit of r?
3
Suppose 127*o - 51372 = 115*o. What is the thousands digit of o?
4
Let m(i) be the first derivative of i**4/4 - 16*i**3/3 + 18*i**2 - 22*i - 1. What is the tens digit of m(14)?
9
Let g(f) = 54*f**3 - f**2 - 6*f + 8. What is the tens digit of g(1)?
5
Let m be 1*(-3)/(-1) - -2. Suppose c + u + 16 = 2*c, 2*u = -m*c + 73. Let f(v) = v + 21. What is the tens digit of f(c)?
3
What is the hundreds digit of 1768 + (6 - (-54)/(-6))?
7
Let x = -452 - -1080. Let b = x + -432. What is the tens digit of b?
9
Suppose -2*b + 12 = b. Suppose -2*w = 4*f + 14, 19 = 2*f - f - b*w. What is the tens digit of f/(-4) - (-473)/44?
1
Let n be (-64)/(-10) + (-8)/20. Suppose -290 = -n*g + g. What is the tens digit of g?
5
Suppose 9*w - 1009 = 809. What is the tens digit of w?
0
Suppose 184184 = 68*i - 9004. What is the tens digit of i?
4
Let i(y) = -5*y - 5. Let v(j) = -j**2 + 3*j + 11. Let g be v(6). Let o be i(g). Suppose -222 + o = -6*t. What is the tens digit of t?
3
Let i(a) = a**3 - 3*a**2 - 2*a - 5. Suppose -4*t = -3 - 13. Let p be i(t). Suppose -3*u - 164 = -4*w - 6*u, w - p*u - 26 = 0. What is the units digit of w?
8
Suppose 2*m + 0*m = 6. Suppose x + m = 5. Suppose -j - x*d + 4 + 30 = 0, -2*j - 3*d = -73. What is the units digit of j?
4
Let l(c) = 3*c**2 - 2*c - 2. Let h be l(-1). Suppose q - 8 = -h*q. Let o(z) = 20*z - 3. What is the tens digit of o(q)?
3
Let v be 6/(-10) + (-3)/(-5). Let h be v/(-1 + -2 - -2). What is the tens digit of 70/5 + h + 2?
1
What is the hundreds digit of ((-3500)/12 - 2/6)/(-1)?
2
What is the thousands digit of 2354/214 - 1126*-5?
5
Let p(c) be the second derivative of 0 - 3*c + 1/6*c**4 + 0*c**2 + c**3. What is the units digit of p(-4)?
8
Let s be 3/(-15) + 36/5. Suppose -18*l = -23*l + 20. Let w = s - l. What is the units digit of w?
3
Let m(g) be the first derivative of 4*g**2 - 15*g + 7. What is the units digit of m(7)?
1
Let j(p) = -5*p**3 - 12*p**2 - 11*p - 9. Let s = -19 - -11. Let y(d) = 2*d**3 + 4*d**2 + 4*d + 3. Let u(z) = s*y(z) - 3*j(z). What is the units digit of u(4)?
7
Let r(t) = -2*t - 4. Suppose 2*y = -y - 6. Let q(c) = -c - 1. Let w(f) = y*r(f) + 6*q(f). What is the tens digit of w(-5)?
1
Suppose -2*v + 307 = 105. Let y = v - -87. Suppose -4*q - y = 3*u - 6*u, -4*q + 132 = 2*u. What is the units digit of u?
4
Let p = -34 - -1420. What is the tens digit of p?
8
Let x(b) = -45*b + 2969. What is the tens digit of x(0)?
6
Suppose 4*n - 20 = -n. Let y be (-63)/(-27) - n/(-6). What is the units digit of (-385)/(-33) - (-1)/y?
2
Suppose -4*g - 1997 = -3*d, 5*d - 3*g - 4034 = -691. What is the tens digit of d?
7
Suppose 2*b = -0 - 2, 1906 = 3*m - b. What is the tens digit of m?
3
Suppose a = -a + 4. Suppose 3*u + 2*b = 4, -4*b + 6 = -a*u + 7*u. What is the units digit of 4/u - (2 + -4)?
4
Let k(d) = -d - 3. Let l be k(-3). Suppose 5*z = -l*z - 10, -5*t = -3*z - 61. What is the units digit of t?
1
Let n = 24 - 53. What is the tens digit of (-1 - n) + 2*1?
3
Let w(p) = p**2 - 13*p + 21. Let o(m) = m**2 - 13*m + 22. Let b(s) = -4*o(s) + 5*w(s). Suppose j - 2*j + 12 = 0. What is the units digit of b(j)?
5
Let d = 491 + -189. What is the tens digit of d?
0
Suppose -4*p = 5*z + p - 10, -2*z = -2*p - 8. Suppose 0 = -r + 5*x + 26, 5*x = r + z*x - 17. What is the tens digit of r?
1
Suppose 16*a = 22326 - 1542. What is the hundreds digit of a?
2
Suppose h - 337 = -4*a, 5*h - 1450 - 307 = 4*a. What is the units digit of h?
9
Let l be (-2)/(-9) + 47/(-9). Let q(y) be the third derivative of y**5/60 + y**4/8 - y**3/6 - 2*y**2 - 4. What is the units digit of q(l)?
9
Suppose 104*h + 25963 - 222627 = 0. What is the units digit of h?
1
Suppose -5*l = -4*o + 665, -3*l + 889 - 67 = 5*o. Suppose 20 = 5*q - o. What is the units digit of q?
7
Suppose 0 = -f + 161 + 2974. What is the units digit of ((-4)/(-6) + -1)/((-11)/f)?
5
Suppose 0*a - 7474 = -4*a - 3*i, 9343 = 5*a + 4*i. What is the thou